{"id":434,"date":"2015-01-24T22:58:40","date_gmt":"2015-01-24T21:58:40","guid":{"rendered":"http:\/\/ox-araber-hoher-flaeming.de\/?page_id=434"},"modified":"2015-01-24T23:01:55","modified_gmt":"2015-01-24T22:01:55","slug":"artgerechte-haltung","status":"publish","type":"page","link":"http:\/\/ox-araber-hoher-flaeming.de\/?page_id=434","title":{"rendered":"Artgerechte Haltung"},"content":{"rendered":"<p><strong>Der Tierschutzpreis des Landes Sachsen-Anhalt 2005 wird f\u00fcr die \u00abArtgerechte Haltung von Pferden\u00bb verliehen<\/strong><br \/>\n<img loading=\"lazy\" decoding=\"async\" class=\" alignright\" src=\"http:\/\/ox-araber-hoher-flaeming.de\/Pictures\/ch_logo.gif\" alt=\"Sachsen-Anhalt\" width=\"147\" height=\"67\" align=\"left\" border=\"0\" \/><\/p>\n<p>Der Tierschutzpreis des Landes Sachsen-Anhalt 2005 wird f\u00fcr die \u00abArtgerechte Haltung von Pferden\u00bb verliehen<\/p>\n<hr \/>\n<p>&nbsp;<\/p>\n<p>Das Landwirtschaftsministerium in Magdeburg forderte am Mittwoch alle Pferdehalter im Land auf, sich zu bewerben. Angesprochen seien unter anderem Reit- und Fahrbetriebe, Gest\u00fcte, Vereine, Pensionsbetriebe und Gnadenh\u00f6fe. Es sollen besonders engagierte Pferdehalter mit vorbildlich gef\u00fchrten H\u00f6fen in Sachsen-Anhalt ausgezeichnet werden.<\/p>\n<p>Der erste Preis ist mit 1500 Euro dotiert. Die Gewinner werden am Welttierschutztag im Oktober von Landwirtschaftsministerin Petra Wernicke (CDU) bekannt gegeben.<\/p>\n<p>Pferde in Sachsen-Anhalt werden vorwiegend f\u00fcr den Zucht-, Sport- und Freizeitbereich gehalten. Im Tourismus stieg die Zahl der Pferde von 1992 bis 2003 um mehr als das Doppelte. Arbeitstiere gibt es nur noch selten, so in der Forstwirtschaft und in Fahrbetrieben.<\/p>\n<p>Im vergangenen Jahr wurden beispielhafte Gruppenprojekte von Kindern und Jugendlichen zum Thema Tierschutz ausgezeichnet. Gewinner war der Naturkindergarten \u00abSpatzennest\u00bb in Merseburg.<br \/>\n(www.mlu.sachsen-anhalt.de)<br \/>\nMagdeburg (ddp-lsa)<\/p>\n","protected":false},"excerpt":{"rendered":"<p>Der Tierschutzpreis des Landes Sachsen-Anhalt 2005 wird f\u00fcr die \u00abArtgerechte Haltung von Pferden\u00bb verliehen Der Tierschutzpreis des Landes Sachsen-Anhalt 2005 wird f\u00fcr die \u00abArtgerechte Haltung von Pferden\u00bb verliehen &nbsp; Das Landwirtschaftsministerium in Magdeburg forderte am Mittwoch alle Pferdehalter im Land auf, sich zu bewerben. Angesprochen seien unter anderem Reit- und Fahrbetriebe, Gest\u00fcte, Vereine, Pensionsbetriebe und &hellip; <a href=\"http:\/\/ox-araber-hoher-flaeming.de\/?page_id=434\" class=\"more-link\"><span class=\"screen-reader-text\">Artgerechte Haltung<\/span> weiterlesen <span class=\"meta-nav\">&rarr;<\/span><\/a><\/p>\n","protected":false},"author":1,"featured_media":0,"parent":411,"menu_order":0,"comment_status":"closed","ping_status":"open","template":"page-templates\/full-width.php","meta":{"ngg_post_thumbnail":0,"footnotes":""},"_links":{"self":[{"href":"http:\/\/ox-araber-hoher-flaeming.de\/index.php?rest_route=\/wp\/v2\/pages\/434"}],"collection":[{"href":"http:\/\/ox-araber-hoher-flaeming.de\/index.php?rest_route=\/wp\/v2\/pages"}],"about":[{"href":"http:\/\/ox-araber-hoher-flaeming.de\/index.php?rest_route=\/wp\/v2\/types\/page"}],"author":[{"embeddable":true,"href":"http:\/\/ox-araber-hoher-flaeming.de\/index.php?rest_route=\/wp\/v2\/users\/1"}],"replies":[{"embeddable":true,"href":"http:\/\/ox-araber-hoher-flaeming.de\/index.php?rest_route=%2Fwp%2Fv2%2Fcomments&post=434"}],"version-history":[{"count":2,"href":"http:\/\/ox-araber-hoher-flaeming.de\/index.php?rest_route=\/wp\/v2\/pages\/434\/revisions"}],"predecessor-version":[{"id":438,"href":"http:\/\/ox-araber-hoher-flaeming.de\/index.php?rest_route=\/wp\/v2\/pages\/434\/revisions\/438"}],"up":[{"embeddable":true,"href":"http:\/\/ox-araber-hoher-flaeming.de\/index.php?rest_route=\/wp\/v2\/pages\/411"}],"wp:attachment":[{"href":"http:\/\/ox-araber-hoher-flaeming.de\/index.php?rest_route=%2Fwp%2Fv2%2Fmedia&parent=434"}],"curies":[{"name":"wp","href":"https:\/\/api.w.org\/{rel}","templated":true}]}}