{"id":381,"date":"2015-01-24T19:26:02","date_gmt":"2015-01-24T18:26:02","guid":{"rendered":"http:\/\/ox-araber-hoher-flaeming.de\/blog\/?page_id=381"},"modified":"2015-01-24T19:26:02","modified_gmt":"2015-01-24T18:26:02","slug":"links","status":"publish","type":"page","link":"http:\/\/ox-araber-hoher-flaeming.de\/?page_id=381","title":{"rendered":"Links"},"content":{"rendered":"<table border=\"1\" width=\"100%\" cellspacing=\"0\" cellpadding=\"3\">\n<tbody>\n<tr>\n<td class=\"subHeader\"><strong>Linkliste zu anderen Webseiten<\/strong><\/td>\n<\/tr>\n<tr>\n<td class=\"content\">Bitte beachten Sie, da\u00df das <strong>Vollblutaraber-Gest\u00fct Hoher Fl\u00e4ming<\/strong> nicht f\u00fcr die Inhalte fremder Webseiten verantwortlich ist.<\/p>\n<hr \/>\n<div align=\"left\"><\/div>\n<div align=\"left\"><a href=\"http:\/\/www.araber-regional.de\/\" target=\"_blank\"><strong>Araber Regional<\/strong><\/a><br \/>\nInformationen zum Regionalverband Mecklenburg-Vorp.,Berlin, Brandenburg mit Terminen und Veranstaltungen<\/div>\n<hr \/>\n<div align=\"left\"><strong><a href=\"http:\/\/www.araberrennstall-steinhart.de\/index.html\" target=\"_blank\">Araberrennstall Steinhart<\/a><\/strong><\/div>\n<div align=\"left\">Das Gest\u00fctsziel: Wir z\u00fcchten, trainieren und verkaufen Arabische Vollbl\u00fcter f\u00fcr den Renn- und Distanzsport. Unser Konzept: Nur rundum zufriedene Pferde bringen volle Leistung.<\/div>\n<hr \/>\n<div align=\"left\"><strong><a href=\"http:\/\/www.westernreiter.com\/\" target=\"_blank\">EWU-Bund &#8211; erste Westernreiter Union Deutschland e.V.<\/a><\/strong><br \/>\nDarin sind viele Hinweise zu Aktivit\u00e4ten der Ewu und der Kontakt zum Landesverband Sachsen-Anhalt enthalten.<\/div>\n<hr \/>\n<div align=\"left\"><strong><a href=\"http:\/\/www.freizeit-im-sattel.de\/\" target=\"_blank\">freizeit im sattel<\/a><\/strong> &#8211; die Fachzeitschrift rund ums Reiten<br \/>\nInteressante Berichte rund ums Pferd<\/div>\n<hr \/>\n<div align=\"left\"><b><a href=\"http:\/\/www.high-horse.de\/\" target=\"_blank\">High Horse Training<\/a><\/b> \/ <b><a href=\"http:\/\/www.high-horse.de\/\" target=\"_blank\">High Horse Saddle<br \/>\n<\/a><\/b>Stefan Luchmann im Westerwald (Sattlermeister und Ausbildung f\u00fcr Reiter und Pferd sowie<\/div>\n<div align=\"left\">der zweibeinige Hauptdarsteller im Film: \u201eKommunikation mit Pferden\u201c)<br \/>\nEmail: <a href=\"mailto:info@high-horse.de\">info@high-horse.de<\/a> &#8211; Internet: <a href=\"http:\/\/www.high-horse.de\/\" target=\"_blank\">http:\/\/www.high-horse.de<\/a><\/div>\n<hr \/>\n<div align=\"left\"><a href=\"http:\/\/www.lag-online.de\/\" target=\"_blank\"><strong>Die Laufstall-Arbeitsgemeinschaft e.V.<\/strong><\/a><br \/>\nIhr Partner f\u00fcr &#8222;Artgerechte Pferdehaltung&#8220;<br \/>\nInternet: <a href=\"http:\/\/www.lag-online.de\/\" target=\"_blank\">http:\/\/www.lag-online.de\/<\/a><\/div>\n<hr \/>\n<div align=\"left\"><a href=\"http:\/\/www.media-und-it-service.de\/\"><strong>Media &amp; IT-Service<\/strong><\/a><br \/>\nVideos &#8211; Web-Design &#8211; Unternehmensberatung<br \/>\nAnschrift: 14959 Stangenhagen, Dorfstrasse 10,<br \/>\nTelefon: 033731-3180-40, Telefax: 033731-3180-51, Internet: <a href=\"http:\/\/www.media-und-it-service.de\/\" target=\"_blank\">http:\/\/www.media-und-it-service.de<\/a><br \/>\nEmail: <a href=\"mailto:info@media-und-it-service.de\">info@media-und-it-service.de<\/a><\/div>\n<hr \/>\n<div align=\"left\"><a href=\"http:\/\/www.meadowranch.de\/\" target=\"_blank\"><strong>Meadow Ranch K\u00f6rzin<\/strong><\/a><\/div>\n<p>Hier gibt es regelm\u00e4ssig Seminare und Wochenend-Workshops zu verschiedenen Themen rund ums Pferd f\u00fcr Kinder und Erwachsene sowie Verladetrainings f\u00fcr Reiter und Pferd.<br \/>\nTelefon: 033204\/61106 &#8211; Verlade-Hotline: 0177\/5800313 oder 0177\/2905855<br \/>\nAnschrift: Dorfstrasse 6, 14547 K\u00f6rzin (an der B246)<\/p>\n<div align=\"left\">Email: <a href=\"mailto:koerzin@meadowranch.de\">koerzin@meadowranch.de<\/a><\/div>\n<hr \/>\n<div align=\"left\"><a href=\"http:\/\/www.pferdia.de\/\" target=\"_blank\"><strong>Pferdia Fachversand f\u00fcr Pferdevideos, B\u00fccher und CDs GmbH<\/strong><\/a><br \/>\nTelefon: 04232-93100 &#8211; Telefax: 04232-93101<br \/>\nEmail: <a href=\"mailto:info@pferdia.de\">info@pferdia.de<\/a> &#8211; Internet: <a href=\"http:\/\/www.pferdia.de\/\" target=\"_blank\">http:\/\/www.pferdia.de<\/a><\/div>\n<hr \/>\n<div align=\"left\"><a href=\"http:\/\/www.pferdemedizin.com\/\" target=\"_blank\"><strong>Pferdemedizin<\/strong><\/a> &#8211; eine sehr interessante Seite mit vielen Tipps vom Tierarzt Dr. Dr. Peter Schneider,<\/div>\n<div align=\"left\">der sich mit energetischer Pferdemedizin, Hom\u00f6opathie und Isopathie besch\u00e4ftigt und auch gute Erfolge<\/div>\n<div align=\"left\">mit Reiki und anderen alternativen Heilverfahren gemacht hat. Die SANUM-Therapie geh\u00f6rt mit zu seinem Repertoire.<\/div>\n<div align=\"left\">&#8222;Diri&#8220; aus seinem Pferdeteam, die ihm <a href=\"http:\/\/www.pferdemedizin.com\/kommunikation\/\" target=\"_blank\">zeigte<\/a>, wie Pferde ganzheitlich behandelt werden wollen (Kommunikation mit Tieren zur mentalen Beseitigung emotionaler Blockaden). Es gibt auch eine interessante Mailingliste zum Austausch.<br \/>\nInternet: <a href=\"http:\/\/www.pferdemedizin.com\/\" target=\"_blank\">http:\/\/www.pferdemedizin.com\/<\/a> (Achtung: nicht .de !!)<\/div>\n<hr \/>\n<div align=\"left\"><a href=\"http:\/\/www.reitsport-waldhausen.de\/\" target=\"_blank\"><strong>Reitsport Waldhausen GmbH &amp; Co. KG<\/strong><br \/>\n<\/a>Telefon: 0221-588010 &#8211; Telefax: 0221-5880144<br \/>\nEmail:<span class=\"adresse\"><a href=\"mailto:info@awa-reitsport.de\">info@awa-reitsport.de &#8211;<\/a><\/span> Internet: <a href=\"http:\/\/www.reitsport-waldhausen.de\/\">www.reitsport-waldhausen.de<\/a><br \/>\n<a href=\"http:\/\/www.reitsport-waldhausen.de\/html\/rsw.htm\" target=\"_blank\">Direktlink zum Videokatalog<\/a><\/div>\n<hr \/>\n<div align=\"left\"><strong><a href=\"http:\/\/www.storchennest.de\/de\/index_index.php\" target=\"_blank\">Storchennest.de &#8211; Blick in ein Vetschauer Storchennest<\/a><\/strong><br \/>\nBeobachten Sie die St\u00f6rche in Vetschau Live \u00fcber die Webcam oder den im 10 min\u00fctigen Abstand erstellten Bildern auf Ihrem Nest. Am 30. April waren bereits die ersten Eier gelegt. Mit vielen Hinweisen rund ums Storchenleben.<\/div>\n<hr \/>\n<div align=\"left\"><strong><a href=\"http:\/\/www.vzap.org\/\" target=\"_blank\">Verband der Z\u00fcchter und Freunde des arabischen Pferdes e.V.<\/a><\/strong><br \/>\nmit Hinweisen auf das Zuchtgeschehen und Terminen f\u00fcr Sportveranstaltungen speziell f\u00fcr das arabische Pferd.<\/div>\n<hr \/>\n<div align=\"left\"><strong><a href=\"http:\/\/www.vdd-aktuell.de\/\" target=\"_blank\">VDD &#8211; Verein Deutscher Distanzreiter und -fahrer e.V.<\/a><\/strong><\/div>\n<div align=\"left\">Offizielles Organ des Vereins Deutscher Distanzreiter und -fahrer e.V.mit Links zu den Regionalbeauftragten, Distanzreitterminen, e.t.c.<\/div>\n<hr \/>\n<div align=\"left\"><strong><a href=\"http:\/\/www.ffp-ev.de\/\" target=\"_blank\">Verein zur F\u00f6rderung der Forschung im Pferdesport e.V.<\/a><\/strong><\/div>\n<div align=\"left\">Dieser Verein f\u00f6rdert die Forschung im Pferdesport und versucht Wissen rund um das Pferd auszutauschen und zu vermehren und bietet zu diesem Zweck hochqualifizierte Fortbildungen an.<\/div>\n<hr \/>\n<div align=\"left\"><strong><a href=\"http:\/\/www.araber-pferd.de\/index.php\" target=\"_blank\">Vollblut Araber Gest\u00fct Esch<\/a><\/strong><\/div>\n<div align=\"left\">Das Gest\u00fctsziel: Mein Zuchtziel sind Vollblutaraber, die gutm\u00fctig, leistungsbereit, hart sind und ihrem Besitzer nur Freude machen.<\/div>\n<hr \/>\n<div align=\"left\"><a href=\"http:\/\/www.wetteronline.de\/\" target=\"_blank\"><strong>Wetter Online<\/strong><\/a>\u00a0&#8211; Sie haben was vor und suchen aktuelle Wetterinformationen?<br \/>\nHier das <strong>aktuelle Wetter in der Region<\/strong> von Wetter-Online:<br \/>\n<a href=\"http:\/\/www.wetteronline.de\/Sachsen-Anhalt.htm\" target=\"_blank\">www.wetteronline.de\/Sachsen-Anhalt.htm<\/a>\u00a0<strong>\u00a0<\/strong><\/div>\n<\/td>\n<\/tr>\n<\/tbody>\n<\/table>\n","protected":false},"excerpt":{"rendered":"<p>Linkliste zu anderen Webseiten Bitte beachten Sie, da\u00df das Vollblutaraber-Gest\u00fct Hoher Fl\u00e4ming nicht f\u00fcr die Inhalte fremder Webseiten verantwortlich ist. Araber Regional Informationen zum Regionalverband Mecklenburg-Vorp.,Berlin, Brandenburg mit Terminen und Veranstaltungen Araberrennstall Steinhart Das Gest\u00fctsziel: Wir z\u00fcchten, trainieren und verkaufen Arabische Vollbl\u00fcter f\u00fcr den Renn- und Distanzsport. Unser Konzept: Nur rundum zufriedene Pferde bringen volle &hellip; <a href=\"http:\/\/ox-araber-hoher-flaeming.de\/?page_id=381\" class=\"more-link\"><span class=\"screen-reader-text\">Links<\/span> weiterlesen <span class=\"meta-nav\">&rarr;<\/span><\/a><\/p>\n","protected":false},"author":1,"featured_media":0,"parent":0,"menu_order":0,"comment_status":"closed","ping_status":"open","template":"","meta":{"ngg_post_thumbnail":0,"footnotes":""},"_links":{"self":[{"href":"http:\/\/ox-araber-hoher-flaeming.de\/index.php?rest_route=\/wp\/v2\/pages\/381"}],"collection":[{"href":"http:\/\/ox-araber-hoher-flaeming.de\/index.php?rest_route=\/wp\/v2\/pages"}],"about":[{"href":"http:\/\/ox-araber-hoher-flaeming.de\/index.php?rest_route=\/wp\/v2\/types\/page"}],"author":[{"embeddable":true,"href":"http:\/\/ox-araber-hoher-flaeming.de\/index.php?rest_route=\/wp\/v2\/users\/1"}],"replies":[{"embeddable":true,"href":"http:\/\/ox-araber-hoher-flaeming.de\/index.php?rest_route=%2Fwp%2Fv2%2Fcomments&post=381"}],"version-history":[{"count":1,"href":"http:\/\/ox-araber-hoher-flaeming.de\/index.php?rest_route=\/wp\/v2\/pages\/381\/revisions"}],"predecessor-version":[{"id":384,"href":"http:\/\/ox-araber-hoher-flaeming.de\/index.php?rest_route=\/wp\/v2\/pages\/381\/revisions\/384"}],"wp:attachment":[{"href":"http:\/\/ox-araber-hoher-flaeming.de\/index.php?rest_route=%2Fwp%2Fv2%2Fmedia&parent=381"}],"curies":[{"name":"wp","href":"https:\/\/api.w.org\/{rel}","templated":true}]}}